{"id":14,"date":"2014-10-07T17:45:33","date_gmt":"2014-10-07T20:45:33","guid":{"rendered":"https:\/\/laurapitluk.com.ar\/wps\/?page_id=14"},"modified":"2018-04-19T16:40:13","modified_gmt":"2018-04-19T19:40:13","slug":"homenaje-a-mi-papa-palomo","status":"publish","type":"page","link":"https:\/\/laurapitluk.com.ar\/wps\/homenaje-a-mi-papa-palomo\/","title":{"rendered":"Homenaje a mi Pap\u00e1 Palomo"},"content":{"rendered":"<p class=\"Estilo241\" align=\"justify\"><img decoding=\"async\" loading=\"lazy\" class=\"alignright wp-image-406 size-full\" src=\"https:\/\/laurapitluk.com.ar\/wps\/wp-content\/uploads\/2014\/10\/elias-fotos.png\" alt=\"elias-fotos\" width=\"230\" height=\"1462\" srcset=\"https:\/\/laurapitluk.com.ar\/wps\/wp-content\/uploads\/2014\/10\/elias-fotos.png 230w, https:\/\/laurapitluk.com.ar\/wps\/wp-content\/uploads\/2014\/10\/elias-fotos-47x300.png 47w, https:\/\/laurapitluk.com.ar\/wps\/wp-content\/uploads\/2014\/10\/elias-fotos-161x1024.png 161w\" sizes=\"(max-width: 230px) 100vw, 230px\" \/>A mi Pap\u00e1 El\u00edas Pitluk, por siempre Pap\u00e1 Palomo<\/p>\n<p class=\"Estilo238\" align=\"justify\">Con el orgullo de llevar tu apellido y tus genes sabios y generosos.<br \/>\nCon el honor de llevar tus sangre, tus ense\u00f1anzas y tus ideas, de haber mamado tu sabidur\u00eda y tu ideolog\u00eda y llevarlas selladas en el coraz\u00f3n y la mente.<\/p>\n<p class=\"Estilo238\" align=\"justify\">Ser familia de El\u00edas Pitluk siempre fue, es y ser\u00e1 un incre\u00edble e inmenso orgullo, que compartimos los que tenemos la bendici\u00f3n de ser parte fundamental y fundante de su vida y de su esencia.<br \/>\nSer hija de El\u00edas Pitluk es un privilegio que no se puede comparar casi con nada en este mundo.<\/p>\n<p class=\"Estilo238\" align=\"justify\">De mi papa aprend\u00ed los valores m\u00e1s intensos de la democracia y la lucha por un mundo mejor, la prioridad en el bien com\u00fan y el encuentro sano entre las personas, los ideales de justicia y equidad,..y todas esas cosas que nos hacen m\u00e1s humanos a los humanos, mejores personas que aportan a la construcci\u00f3n de un mundo mejor.<\/p>\n<p class=\"Estilo238\" align=\"justify\">Papa no aceptaba jam\u00e1s lo que era injusto, accionando equitativamente siempre, desde todos los lugares posibles y con la misma certeza a lo largo de los tiempos&#8230;defendiendo a los docentes y la escuela p\u00fablica, a la arena de las dunas de su playa, a su calle para que se llame Mercedes Sosa y no Julio Argentino Roca&#8230;<\/p>\n<p class=\"Estilo238\" align=\"justify\">Lo Recuerdo como si fuera hoy cuando \u00e9ramos chicos y un nene se lastimaba en la playa salir corriendo para socorrerlo, mientras se met\u00eda con nosotros en el mar y nos hacia volcanes en la arena que hasta ten\u00edan humo verdadero que les sal\u00eda por arriba; recuerdo los juegos escenificando canciones y cuentos, haciendo trucos, inventando historias&#8230;cont\u00e1ndonos el cuento del Papa Palomo cada noche&#8230;<br \/>\nDespu\u00e9s&nbsp; se convirti\u00f3 en el zeide Palomo, el Papa Noel, acunando a sus nietos mientras les cantaba el Lule Lule, haciendo con ellos los mismos juegos que con nosotros&#8230;<br \/>\nY llego la bisnieta y empez\u00f3 nuevamente la rueda de juegos, canciones y bailes.<\/p>\n<p class=\"Estilo238\" align=\"justify\">Muchas personas dijeron en estos d\u00edas que era un ser maravilloso, casi \u00fanico, casi perfecto, lleno de ideales y de acciones para concretarlos, pendiente, solidario, justo y sereno.<br \/>\nLo era, lo es y lo ser\u00e1 por siempre, porque las personas as\u00ed no se mueren nunca ni para la familia, ni para los amigos ni para el mundo entero.<\/p>\n<p class=\"Estilo238\" align=\"justify\">El\u00edas nunca fue y no es cualquier persona, por su barba blanca, por su barriga rellena de amor y comida en la cual todos nos escondimos cuando ten\u00edamos miedo, por su bolsa repleta de regalos de todo tipo para todos, por su ternura infinita y su abrazo perfecto<\/p>\n<p class=\"Estilo238\" align=\"justify\">Para m\u00ed, como lo dije toda mi vida y lo seguir\u00e9 diciendo, el mentor de mi desarrollo intelectual y profesional, el salvador de mi infancia,&nbsp; compa\u00f1ero fundamental de mis logros, sue\u00f1os y proyectos. Con esa mano c\u00e1lida que me ayudaba a trepar cuando era peque\u00f1a, esa paciencia con la que me escuchaba las lecciones de la escuela y los cuentos cuando era maestra, o recitaba las poes\u00edas que hasta hace tan pocos d\u00edas repet\u00edamos juntos,&nbsp; o cuando me ayudaba organizar mis ideas para mis conferencias o escuchaba partes de mis libros para darme sus opiniones&#8230;con esa mirada y ese gesto orgulloso de saber que hab\u00eda sembrado todo eso en mi y que esos frutos lo llenaban de satisfacciones.<\/p>\n<p class=\"Estilo238\" align=\"justify\">Ahora te imagino en Mar de las Pampas, tu lugar en el mundo como siempre dec\u00edas, en esa playa y bajo esas estrellas que son las m\u00e1s bellas porque son tuyas.<\/p>\n<div class=\"Estilo239\" align=\"justify\"><span class=\"Estilo240\">Papa, te doy otro beso en la frente, como en cada encuentro y en cada despedida&#8230; querido muy querido Pap\u00e1 Palomo, te amo sin principio ni final.<\/span><\/div>\n<div class=\"Estilo239\" align=\"justify\">&nbsp;<\/div>\n<div class=\"Estilo239\" align=\"justify\">&nbsp;<\/div>\n<div class=\"Estilo239\" align=\"justify\">&nbsp;<\/div>\n<div class=\"Estilo239\" align=\"justify\"><div id=\"metaslider-id-429\" style=\"max-width: 650px;\" class=\"ml-slider-3-37-0 metaslider metaslider-flex metaslider-429 ml-slider ms-theme-default nav-hidden\" role=\"region\" aria-roledescription=\"Slideshow\" aria-label=\"Slideshow\">\n    <div id=\"metaslider_container_429\">\n        <div id=\"metaslider_429\">\n            <ul aria-live=\"polite\" class=\"slides\">\n                <li style=\"display: block; width: 100%;\" class=\"slide-430 ms-image\" aria-roledescription=\"slide\" aria-label=\"slide-430\"><img src=\"https:\/\/laurapitluk.com.ar\/wps\/wp-content\/uploads\/2014\/09\/ELIAS-FOTOS001-586x505.jpg\" height=\"560\" width=\"650\" alt=\"\" class=\"slider-429 slide-430\" \/><\/li>\n                <li style=\"display: none; width: 100%;\" class=\"slide-431 ms-image\" aria-roledescription=\"slide\" aria-label=\"slide-431\"><img src=\"https:\/\/laurapitluk.com.ar\/wps\/wp-content\/uploads\/2014\/09\/ELIAS-FOTOS002-615x530.jpg\" height=\"560\" width=\"650\" alt=\"\" class=\"slider-429 slide-431\" \/><\/li>\n            <\/ul>\n        <\/div>\n        \n    <\/div>\n<\/div><\/div>\n<div class=\"Estilo239\" align=\"justify\">&nbsp;<\/div>\n<div class=\"Estilo239\" align=\"justify\">&nbsp;<\/div>\n<p class=\"Estilo239\" style=\"text-align: left;\"><span style=\"color: #993366;\"><strong>El\u00edas<\/strong><\/span><\/p>\n<p class=\"Estilo239\" style=\"text-align: justify;\"><span style=\"color: #993366;\">No, no es f\u00e1cil encajar una noticia como \u00e9sta. Esa ma\u00f1ana como algunas otras hab\u00edamos tomado nuestro cafecito y mantenido esas charlas que solo con \u00e9l se pod\u00edan tener. Un par de horas antes de su partida, tambi\u00e9n estuvimos con mi Sra. almorzando en su hogar. Porque as\u00ed nos lo hac\u00eda sentir cada vez que comemos en Aike Malem.<\/span><\/p>\n<p class=\"Estilo239\" style=\"text-align: justify;\"><span style=\"color: #993366;\">Y se hizo el silencio, sinti\u00e9ndonos peque\u00f1os en la inmensidad, pensamos y nos damos cuenta de que hoy estamos y ma\u00f1ana ya no, de que la vida y la muerte est\u00e1n separadas por un estrecho hilito que se rompe en un segundo, de que pasamos por la vida como aquel que pasea un rato por el bosque y cuando se quiere dar cuenta se le han pasado las horas volando, de que la vida es corta como las tardes de invierno.<\/span><\/p>\n<p class=\"Estilo239\" style=\"text-align: justify;\"><span style=\"color: #993366;\">Fue de esas pocas personas con las que luego de una t\u00e1cita aceptaci\u00f3n, ya te sientes amigo de siempre. Un Hombre completo y entero. Sensible y solidario. De aqu\u00e9llos privilegiados a los que las cachetadas de la vida no les generan resentimiento alguno. Un sabio a su manera con un gran ni\u00f1o interior. Ecu\u00e1nime, componedor y part\u00edcipe del consenso. Siempre blandiendo banderas de humor, respeto, \u00e9tica y honor. Donde ve\u00eda a la injusticia, ve\u00eda a su enemiga. Ego\u00edstamente digo que perdimos un amigo, pero la vida perdi\u00f3 m\u00e1s. Nunca dejaremos de verte en los paisajes del que fue tu entorno, siempre sentiremos tu presencia, tal vez guardando la distancia que sol\u00edas respetar con tu mirada y sonrisa complaciente como en la foto que atesoramos. Aqu\u00e9llos que tuvimos la suerte de conocerlo al menos un poco, seguramente lo extra\u00f1aremos y recordaremos. Ese ser\u00e1 nuestro mejor tributo a su merecida trascendencia. Querido El\u00edas, esperamos que descanses lleno de paz en alg\u00fan lugar del firmamento donde ya no exista el tiempo. Y si existe, que no se detenga. All\u00ed nos encontraremos de nuevo, amigo, y seguiremos poniendo nombre a las estrellas. Gracias El\u00edas por haber enriquecido nuestras vidas!<\/span><\/p>\n<p class=\"Estilo239\" style=\"text-align: left;\"><span style=\"color: #993366;\"><strong>Alicia y Luis<\/strong><\/span><\/p>\n<p class=\"Estilo239\" style=\"text-align: left;\"><img decoding=\"async\" loading=\"lazy\" class=\"alignleft wp-image-435\" src=\"https:\/\/laurapitluk.com.ar\/wps\/wp-content\/uploads\/2014\/10\/2014elias-aliciayluis.jpg\" alt=\"2014elias-aliciayluis\" width=\"188\" height=\"150\"><\/p>\n<div class=\"Estilo239\" align=\"justify\"><img decoding=\"async\" loading=\"lazy\" class=\"alignleft wp-image-436\" src=\"https:\/\/laurapitluk.com.ar\/wps\/wp-content\/uploads\/2014\/10\/diarioElChasqui.jpg\" alt=\"diarioElChasqui\" width=\"199\" height=\"150\"><\/div>\n<div class=\"Estilo239\" align=\"justify\"><img decoding=\"async\" loading=\"lazy\" class=\"alignleft wp-image-437\" src=\"https:\/\/laurapitluk.com.ar\/wps\/wp-content\/uploads\/2014\/10\/EliasPlaca.jpg\" alt=\"EliasPlaca\" width=\"222\" height=\"150\"><\/div>\n<div class=\"Estilo239\" align=\"justify\">&nbsp;<\/div>\n<div class=\"Estilo239\" align=\"justify\">&nbsp;<\/div>\n<p>&nbsp;<\/p>\n<p>&nbsp;<\/p>\n<p>&nbsp;<\/p>\n<p>&nbsp;<\/p>\n<p>&nbsp;<\/p>\n<p>&nbsp;<\/p>\n<p><strong>El Chasqui de Mar de las Pampas<\/strong><br \/>\nArt\u00edculos de la publicaci\u00f3n N\u00ba 162 &#8211; Mayo 2014<\/p>\n<p><a href=\"https:\/\/laurapitluk.com.ar\/wps\/wp-content\/uploads\/2014\/10\/ElChasqui-1-extra\u00f1ar.jpg\" target=\"_blank\" rel=\"noopener\"><img decoding=\"async\" loading=\"lazy\" class=\"alignnone wp-image-507 size-thumbnail\" src=\"https:\/\/laurapitluk.com.ar\/wps\/wp-content\/uploads\/2014\/10\/ElChasqui-1-extra\u00f1ar-150x150.jpg\" alt=\"ElChasqui-1-extra\u00f1ar\" width=\"150\" height=\"150\" srcset=\"https:\/\/laurapitluk.com.ar\/wps\/wp-content\/uploads\/2014\/10\/ElChasqui-1-extra\u00f1ar-150x150.jpg 150w, https:\/\/laurapitluk.com.ar\/wps\/wp-content\/uploads\/2014\/10\/ElChasqui-1-extra\u00f1ar-160x160.jpg 160w\" sizes=\"(max-width: 150px) 100vw, 150px\" \/><\/a>&nbsp; &nbsp;<a href=\"https:\/\/laurapitluk.com.ar\/wps\/wp-content\/uploads\/2014\/10\/ElChasqui-1-p4.jpg\" target=\"_blank\" rel=\"noopener\"><img decoding=\"async\" loading=\"lazy\" class=\"alignnone wp-image-508 size-thumbnail\" src=\"https:\/\/laurapitluk.com.ar\/wps\/wp-content\/uploads\/2014\/10\/ElChasqui-1-p4-150x150.jpg\" alt=\"ElChasqui-1-p4\" width=\"150\" height=\"150\" srcset=\"https:\/\/laurapitluk.com.ar\/wps\/wp-content\/uploads\/2014\/10\/ElChasqui-1-p4-150x150.jpg 150w, https:\/\/laurapitluk.com.ar\/wps\/wp-content\/uploads\/2014\/10\/ElChasqui-1-p4-160x160.jpg 160w\" sizes=\"(max-width: 150px) 100vw, 150px\" \/><\/a>&nbsp; &nbsp;<a href=\"https:\/\/laurapitluk.com.ar\/wps\/wp-content\/uploads\/2014\/10\/ElChasqui-1-p3.jpg\" target=\"_blank\" rel=\"noopener\"><img decoding=\"async\" loading=\"lazy\" class=\"alignnone wp-image-509 size-thumbnail\" src=\"https:\/\/laurapitluk.com.ar\/wps\/wp-content\/uploads\/2014\/10\/ElChasqui-1-p3-150x150.jpg\" alt=\"ElChasqui-1-p3\" width=\"150\" height=\"150\" srcset=\"https:\/\/laurapitluk.com.ar\/wps\/wp-content\/uploads\/2014\/10\/ElChasqui-1-p3-150x150.jpg 150w, https:\/\/laurapitluk.com.ar\/wps\/wp-content\/uploads\/2014\/10\/ElChasqui-1-p3-160x160.jpg 160w\" sizes=\"(max-width: 150px) 100vw, 150px\" \/><\/a>&nbsp; &nbsp;<a href=\"https:\/\/laurapitluk.com.ar\/wps\/wp-content\/uploads\/2014\/10\/ElChasqui-1-p1.jpg\" target=\"_blank\" rel=\"noopener\"><img decoding=\"async\" loading=\"lazy\" class=\"alignnone wp-image-510 size-thumbnail\" src=\"https:\/\/laurapitluk.com.ar\/wps\/wp-content\/uploads\/2014\/10\/ElChasqui-1-p1-150x150.jpg\" alt=\"ElChasqui-1-p1\" width=\"150\" height=\"150\" srcset=\"https:\/\/laurapitluk.com.ar\/wps\/wp-content\/uploads\/2014\/10\/ElChasqui-1-p1-150x150.jpg 150w, https:\/\/laurapitluk.com.ar\/wps\/wp-content\/uploads\/2014\/10\/ElChasqui-1-p1-160x160.jpg 160w\" sizes=\"(max-width: 150px) 100vw, 150px\" \/><\/a>&nbsp; &nbsp;<a href=\"https:\/\/laurapitluk.com.ar\/wps\/wp-content\/uploads\/2014\/10\/ElChasqui-1-p2.jpg\" target=\"_blank\" rel=\"noopener\"><img decoding=\"async\" loading=\"lazy\" class=\"alignnone wp-image-511 size-thumbnail\" src=\"https:\/\/laurapitluk.com.ar\/wps\/wp-content\/uploads\/2014\/10\/ElChasqui-1-p2-150x150.jpg\" alt=\"ElChasqui-1-p2\" width=\"150\" height=\"150\" srcset=\"https:\/\/laurapitluk.com.ar\/wps\/wp-content\/uploads\/2014\/10\/ElChasqui-1-p2-150x150.jpg 150w, https:\/\/laurapitluk.com.ar\/wps\/wp-content\/uploads\/2014\/10\/ElChasqui-1-p2-160x160.jpg 160w\" sizes=\"(max-width: 150px) 100vw, 150px\" \/><\/a>&nbsp; &nbsp;<a href=\"https:\/\/laurapitluk.com.ar\/wps\/wp-content\/uploads\/2014\/10\/ElChasqui-1-turquito.jpg\" target=\"_blank\" rel=\"noopener\"><img decoding=\"async\" loading=\"lazy\" class=\"alignnone wp-image-512 size-thumbnail\" src=\"https:\/\/laurapitluk.com.ar\/wps\/wp-content\/uploads\/2014\/10\/ElChasqui-1-turquito-150x150.jpg\" alt=\"ElChasqui-1-turquito\" width=\"150\" height=\"150\" srcset=\"https:\/\/laurapitluk.com.ar\/wps\/wp-content\/uploads\/2014\/10\/ElChasqui-1-turquito-150x150.jpg 150w, https:\/\/laurapitluk.com.ar\/wps\/wp-content\/uploads\/2014\/10\/ElChasqui-1-turquito-160x160.jpg 160w\" sizes=\"(max-width: 150px) 100vw, 150px\" \/><\/a>&nbsp; &nbsp;<a href=\"https:\/\/laurapitluk.com.ar\/wps\/wp-content\/uploads\/2014\/10\/ElChasqui-1-lagrimas.jpg\" target=\"_blank\" rel=\"noopener\"><img decoding=\"async\" loading=\"lazy\" class=\"alignnone wp-image-513 size-thumbnail\" src=\"https:\/\/laurapitluk.com.ar\/wps\/wp-content\/uploads\/2014\/10\/ElChasqui-1-lagrimas-150x150.jpg\" alt=\"ElChasqui-1-lagrimas\" width=\"150\" height=\"150\" srcset=\"https:\/\/laurapitluk.com.ar\/wps\/wp-content\/uploads\/2014\/10\/ElChasqui-1-lagrimas-150x150.jpg 150w, https:\/\/laurapitluk.com.ar\/wps\/wp-content\/uploads\/2014\/10\/ElChasqui-1-lagrimas-160x160.jpg 160w\" sizes=\"(max-width: 150px) 100vw, 150px\" \/><\/a><\/p>\n<p>&nbsp;<\/p>\n<p><strong>El Chasqui de Mar de las Pampas<\/strong><br \/>\nArt\u00edculos de la publicaci\u00f3n N\u00ba 165 &#8211; Agosto 2014<\/p>\n<p><a href=\"https:\/\/laurapitluk.com.ar\/wps\/wp-content\/uploads\/2014\/10\/ElChasqui-2-parte1.jpg\" target=\"_blank\" rel=\"noopener\"><img decoding=\"async\" loading=\"lazy\" class=\"alignnone wp-image-514 size-thumbnail\" src=\"https:\/\/laurapitluk.com.ar\/wps\/wp-content\/uploads\/2014\/10\/ElChasqui-2-parte1-150x150.jpg\" alt=\"ElChasqui-2-parte1\" width=\"150\" height=\"150\" srcset=\"https:\/\/laurapitluk.com.ar\/wps\/wp-content\/uploads\/2014\/10\/ElChasqui-2-parte1-150x150.jpg 150w, https:\/\/laurapitluk.com.ar\/wps\/wp-content\/uploads\/2014\/10\/ElChasqui-2-parte1-160x160.jpg 160w\" sizes=\"(max-width: 150px) 100vw, 150px\" \/><\/a>&nbsp; &nbsp;<a href=\"https:\/\/laurapitluk.com.ar\/wps\/wp-content\/uploads\/2014\/10\/ElChasqui-2-parte2.jpg\" target=\"_blank\" rel=\"noopener\"><img decoding=\"async\" loading=\"lazy\" class=\"alignnone wp-image-515 size-thumbnail\" src=\"https:\/\/laurapitluk.com.ar\/wps\/wp-content\/uploads\/2014\/10\/ElChasqui-2-parte2-150x150.jpg\" alt=\"ElChasqui-2-parte2\" width=\"150\" height=\"150\" srcset=\"https:\/\/laurapitluk.com.ar\/wps\/wp-content\/uploads\/2014\/10\/ElChasqui-2-parte2-150x150.jpg 150w, https:\/\/laurapitluk.com.ar\/wps\/wp-content\/uploads\/2014\/10\/ElChasqui-2-parte2-160x160.jpg 160w\" sizes=\"(max-width: 150px) 100vw, 150px\" \/><\/a>&nbsp; &nbsp;<a href=\"https:\/\/laurapitluk.com.ar\/wps\/wp-content\/uploads\/2014\/10\/ElChasqui-2-parte3.jpg\" target=\"_blank\" rel=\"noopener\"><img decoding=\"async\" loading=\"lazy\" class=\"alignnone wp-image-516 size-thumbnail\" src=\"https:\/\/laurapitluk.com.ar\/wps\/wp-content\/uploads\/2014\/10\/ElChasqui-2-parte3-150x150.jpg\" alt=\"ElChasqui-2-parte3\" width=\"150\" height=\"150\" srcset=\"https:\/\/laurapitluk.com.ar\/wps\/wp-content\/uploads\/2014\/10\/ElChasqui-2-parte3-150x150.jpg 150w, https:\/\/laurapitluk.com.ar\/wps\/wp-content\/uploads\/2014\/10\/ElChasqui-2-parte3-160x160.jpg 160w\" sizes=\"(max-width: 150px) 100vw, 150px\" \/><\/a><\/p>\n<p>&nbsp;<\/p>\n<p><strong>Diciembre 2014<\/strong><\/p>\n<p>En esta primer Navidad sin PAPA NOEL, PAPA PALOMO, MI PAPA, el mentor y sost\u00e9n de tantas de mis cosas, \u00abel autor de mis d\u00edas\u00bb como a \u00e9l le gustaba decir&#8230;la emoci\u00f3n y el compromiso se elevan casi hasta el infinito&#8230;y si ese incre\u00edble ser ya es parte de ese infinito y ac\u00e1, en lo terrenal, te hace tanta falta, todo se mezcla con la tristeza y la nostalgia de un tiempo en el cual el abrazo y el beso eran parte de un constante flujo de amor incondicional, ese que justamente pertenece a otro mundo.<\/p>\n<p>El\u00edas Pitluk, un hombre que modifico a los hombres, porque cuando esos seres especiales habitan el mundo, este necesaria e indefectiblemente se ve mejorado.<\/p>\n","protected":false},"excerpt":{"rendered":"<p>A mi Pap\u00e1 El\u00edas Pitluk, por siempre Pap\u00e1 Palomo Con el orgullo de llevar tu apellido y tus genes sabios&#46;&#46;&#46;<\/p>\n","protected":false},"author":2,"featured_media":0,"parent":0,"menu_order":0,"comment_status":"open","ping_status":"closed","template":"","meta":{"ngg_post_thumbnail":0,"footnotes":""},"_links":{"self":[{"href":"https:\/\/laurapitluk.com.ar\/wps\/wp-json\/wp\/v2\/pages\/14"}],"collection":[{"href":"https:\/\/laurapitluk.com.ar\/wps\/wp-json\/wp\/v2\/pages"}],"about":[{"href":"https:\/\/laurapitluk.com.ar\/wps\/wp-json\/wp\/v2\/types\/page"}],"author":[{"embeddable":true,"href":"https:\/\/laurapitluk.com.ar\/wps\/wp-json\/wp\/v2\/users\/2"}],"replies":[{"embeddable":true,"href":"https:\/\/laurapitluk.com.ar\/wps\/wp-json\/wp\/v2\/comments?post=14"}],"version-history":[{"count":27,"href":"https:\/\/laurapitluk.com.ar\/wps\/wp-json\/wp\/v2\/pages\/14\/revisions"}],"predecessor-version":[{"id":1602,"href":"https:\/\/laurapitluk.com.ar\/wps\/wp-json\/wp\/v2\/pages\/14\/revisions\/1602"}],"wp:attachment":[{"href":"https:\/\/laurapitluk.com.ar\/wps\/wp-json\/wp\/v2\/media?parent=14"}],"curies":[{"name":"wp","href":"https:\/\/api.w.org\/{rel}","templated":true}]}}