{"id":2868,"date":"2021-10-13T13:15:49","date_gmt":"2021-10-13T16:15:49","guid":{"rendered":"https:\/\/laurapitluk.com.ar\/wps\/?page_id=2868"},"modified":"2021-12-27T15:55:28","modified_gmt":"2021-12-27T18:55:28","slug":"homenaje-a-beatriz-ortiz","status":"publish","type":"page","link":"https:\/\/laurapitluk.com.ar\/wps\/homenaje-a-beatriz-ortiz\/","title":{"rendered":"Homenaje a Beatriz Ortiz"},"content":{"rendered":"<p><strong><img decoding=\"async\" loading=\"lazy\" class=\"wp-image-2869 size-medium alignright\" src=\"https:\/\/laurapitluk.com.ar\/wps\/wp-content\/uploads\/2021\/10\/HOMENAJE-A-BEATRIZ-ORTIZ-300x300.png\" alt=\"\" width=\"300\" height=\"300\" srcset=\"https:\/\/laurapitluk.com.ar\/wps\/wp-content\/uploads\/2021\/10\/HOMENAJE-A-BEATRIZ-ORTIZ-300x300.png 300w, https:\/\/laurapitluk.com.ar\/wps\/wp-content\/uploads\/2021\/10\/HOMENAJE-A-BEATRIZ-ORTIZ-1024x1024.png 1024w, https:\/\/laurapitluk.com.ar\/wps\/wp-content\/uploads\/2021\/10\/HOMENAJE-A-BEATRIZ-ORTIZ-150x150.png 150w, https:\/\/laurapitluk.com.ar\/wps\/wp-content\/uploads\/2021\/10\/HOMENAJE-A-BEATRIZ-ORTIZ-768x768.png 768w, https:\/\/laurapitluk.com.ar\/wps\/wp-content\/uploads\/2021\/10\/HOMENAJE-A-BEATRIZ-ORTIZ-80x80.png 80w, https:\/\/laurapitluk.com.ar\/wps\/wp-content\/uploads\/2021\/10\/HOMENAJE-A-BEATRIZ-ORTIZ-320x320.png 320w, https:\/\/laurapitluk.com.ar\/wps\/wp-content\/uploads\/2021\/10\/HOMENAJE-A-BEATRIZ-ORTIZ-720x720.png 720w, https:\/\/laurapitluk.com.ar\/wps\/wp-content\/uploads\/2021\/10\/HOMENAJE-A-BEATRIZ-ORTIZ-520x520.png 520w, https:\/\/laurapitluk.com.ar\/wps\/wp-content\/uploads\/2021\/10\/HOMENAJE-A-BEATRIZ-ORTIZ.png 1080w\" sizes=\"(max-width: 300px) 100vw, 300px\" \/>AMIGA, CON MAY\u00daSCULAS, SIMPLE Y HERMOSAMENTE AMIGA QUERIDA\u2026 BEA\u2026 BEATRIZ IRENE ORTIZ para tu curr\u00edculum que tantas veces mencion\u00e9 en todos estos a\u00f1os.<\/strong><\/p>\n<p>Y tuve que esperar unos d\u00edas para aquietar al menos un poco el profundo dolor\u2026 y poder nombrarte como te mereces, a lo grande\u2026por tu ser amiga y profesional de una incre\u00edble belleza, sabidur\u00eda y potencia.<\/p>\n<p>INTENTO aquietar un poco las ideas, los planes que nos quedaron truncos de repente, algunos desde la impactante noticia en julio, otros que se iban modificando en este d\u00eda a d\u00eda tan complejo que te toc\u00f3 y nos toc\u00f3 transitar juntas apoy\u00e1ndonos con Elena (la Santa Cruz como le dec\u00edas) en ese entramado eterno de las tres construyendo juntas un mundo nuestro y encima mejor para todos. Intentando con Elena d\u00eda a d\u00eda y a toda hora poder encontrar opciones posibles, dif\u00edciles, pero sostenidas en la utop\u00eda casi m\u00e1gica de que todo pod\u00eda seguir siendo como antes, como siempre, como tantas veces\u2026 Entonces, vamos al negocio de ropa que nos gustaba ir porque vos quer\u00edas comprarte ah\u00ed un pantal\u00f3n\u2026 mejor el s\u00e1bado pr\u00f3ximo que seguro y gracias al tratamiento estar\u00e1s mejor\u2026 el caf\u00e9 para dentro de unos d\u00edas\u2026 el nuevo encuentro (uno m\u00e1s por fin casi post pandemia) en nuestro museo Evita con Elena y el entra\u00f1able amigo Carlos Canosa ni bien venga el calorcito y con tapa boca\u2026 el adeudado art\u00edculo con la amiga Edith Weinstein sobre lo que llamamos jocosamente la \u201ccarpetita de trabajitos\u201d\u2026 en el verano el crucero las dos con nuestros bastones\u2026el conversatorio mejor en noviembre (con Laura L\u00f3pez Blanco amiga del Portal Educativo apoy\u00e1ndonos una vez m\u00e1s en los proyectos) para que ya est\u00e9 todo m\u00e1s encaminado, el encuentro con las alumnas de taller 5 de la amiga del alma Vivi Finkelberg que necesitaban el asesoramiento de \u201cla\u201d especialista de Nivel Inicial s\u00ed porque eso me&nbsp; llena de vida, las videoconferencias compartidas con el peruano o el tandilense s\u00ed porque me divierte y al ser por zoom\u2026 los viajes para dar cursos igual recomenzar\u00e1n el a\u00f1o pr\u00f3ximo y tenemos tiempo\u2026 y en que m\u00e1s te puedo ayudar amiga\u2026 am\u00e1ndome que ya lo haces y sosteni\u00e9ndome en lo laboral que tambi\u00e9n lo haces\u2026cerca de los que cotidianamente lo estuvieron siempre\u2026 y tus amados hijos tantas veces mencionados en tus conferencias en relaci\u00f3n con su escolaridad y \u00a1las maestras!, tu emoci\u00f3n por este hoy sostenido por ellos con profundo amor y cuidados, con la hermosa presencia de tus nietas y los cuentos y la jugueter\u00eda\u2026 y el olor a guiso de lentejas en tu casa (tu amada casa llena de libros y escaleras), tu perro y sus largos paseos por el barrio\u2026 y tu poder para divertirte y re\u00edrte de todo pese a todo\u2026 porque el dolor f\u00edsico s\u00ed que lo complica\u2026 y la pucha que ya lo sabemos.<\/p>\n<p>Y entonces se plasma, indefectiblemente, verdadero, que lo cotidiano se vuelve m\u00e1gico\u2026<\/p>\n<p>Y lo inexplicable de la vida, y lo m\u00e1s doloroso que se manifest\u00f3 con toda su perversidad, y lo impensable aunque tan previsible que te quita las esperanzas, la confianza y hasta las ganas\u2026 porque \u00a1qu\u00e9 cuesta arriba es seguir el camino sin vos amiga querida! Sin tus te quierooooo al cortar cada llamada, sin tu risa bella e intensa cuando nos divert\u00edamos de los comentarios de tantos, sin nuestros enojos cuando habl\u00e1bamos de las miserias humanas en todos los sentidos (pol\u00edtico, educativo, vincular\u2026).<\/p>\n<p>La literatura y el Nivel Inicial te lloran con profunda tristeza y reconocimiento.<\/p>\n<p>Yo ya te extra\u00f1o profundamente, te recuerdo constantemente, te homenajeo con todo mi amor.<\/p>\n<p><strong>Sabemos que escribir, sostener los ideales y la memoria y estar junto a los seres amados nos nutre y se conforma como esa famosa red de sost\u00e9n que lo hace todo posible.<\/strong><\/p>\n<p style=\"text-align: right;\"><strong>Tu amiga Laura Pitluk.<\/strong><\/p>\n<hr>\n<p>EDITORIAL HOMOSAPIENS realiza homenaje a Beatriz Ortiz<\/p>\n<p style=\"text-align: center;\"><iframe loading=\"lazy\" title=\"YouTube video player\" src=\"https:\/\/www.youtube.com\/embed\/wcU2mdlc7vc\" width=\"560\" height=\"315\" frameborder=\"0\" allowfullscreen=\"allowfullscreen\"><\/iframe><\/p>\n","protected":false},"excerpt":{"rendered":"<p>AMIGA, CON MAY\u00daSCULAS, SIMPLE Y HERMOSAMENTE AMIGA QUERIDA\u2026 BEA\u2026 BEATRIZ IRENE ORTIZ para tu curr\u00edculum que tantas veces mencion\u00e9 en&#46;&#46;&#46;<\/p>\n","protected":false},"author":2,"featured_media":2869,"parent":0,"menu_order":0,"comment_status":"closed","ping_status":"closed","template":"","meta":{"ngg_post_thumbnail":0,"footnotes":""},"_links":{"self":[{"href":"https:\/\/laurapitluk.com.ar\/wps\/wp-json\/wp\/v2\/pages\/2868"}],"collection":[{"href":"https:\/\/laurapitluk.com.ar\/wps\/wp-json\/wp\/v2\/pages"}],"about":[{"href":"https:\/\/laurapitluk.com.ar\/wps\/wp-json\/wp\/v2\/types\/page"}],"author":[{"embeddable":true,"href":"https:\/\/laurapitluk.com.ar\/wps\/wp-json\/wp\/v2\/users\/2"}],"replies":[{"embeddable":true,"href":"https:\/\/laurapitluk.com.ar\/wps\/wp-json\/wp\/v2\/comments?post=2868"}],"version-history":[{"count":6,"href":"https:\/\/laurapitluk.com.ar\/wps\/wp-json\/wp\/v2\/pages\/2868\/revisions"}],"predecessor-version":[{"id":2884,"href":"https:\/\/laurapitluk.com.ar\/wps\/wp-json\/wp\/v2\/pages\/2868\/revisions\/2884"}],"wp:featuredmedia":[{"embeddable":true,"href":"https:\/\/laurapitluk.com.ar\/wps\/wp-json\/wp\/v2\/media\/2869"}],"wp:attachment":[{"href":"https:\/\/laurapitluk.com.ar\/wps\/wp-json\/wp\/v2\/media?parent=2868"}],"curies":[{"name":"wp","href":"https:\/\/api.w.org\/{rel}","templated":true}]}}